r**2. Suppose 0 = -z - 1 + 2, 3*z - 24 = -3*o. Let f = -101 + 106. Let g = f - o. Determine u(g).
4
Let n(s) = -s**3 + s + 2. Suppose 0 = 55*d - 58*d. Calculate n(d).
2
Let l(b) = b - 2. Let k(w) = -2*w. Let t be k(-5). Suppose 0 = -g + 3*f + t, -3 = -g + f + 1. Let o be l(g). Let c(u) = 2*u**3 - 2*u**2 + 1. Give c(o).
-3
Let w(p) = -p**2 - 3*p**2 + 3*p - p**3 + 0*p**2. Suppose -4*f + 2 = m + 19, -5*f - m = 21. Give w(f).
-12
Let l(w) = w + 3. Let g be l(-8). Let i(v) be the second derivative of -v + 1/3*v**3 - 1/20*v**5 + 0 + 3/2*v**2 - 5/12*v**4. What is i(g)?
-7
Suppose 0*z + 4*z - 16 = 0. Let w(x) be the first derivative of x**2/2 - 3*x + 17. Calculate w(z).
1
Let f(t) = 0 - t**3 + 2 - 4 + t - 1 + 8*t**2. Give f(8).
5
Let n(d) = d**3 + 4*d**2 - d - 2. Let c = 21 + -11. Let x(b) = 2*b - 11. Let l be x(c). Let s(k) = k**3 - 8*k**2 - 8*k - 13. Let a be s(l). Calculate n(a).
2
Let k(n) = 0 - 6 + 8 - 3*n. Let w(i) = 4*i - 2. Let p(o) = -5*k(o) - 4*w(o). Suppose 4*z + 2*q = -0*z + 24, 0 = 3*z - 3*q - 9. Calculate p(z).
-7
Let b(n) be the first derivative of -n**4/4 - 5*n**3/3 - n**2/2 + n - 18. Calculate b(-4).
-11
Let x be 4*5/120*6. Let q(a) = 11*a. What is q(x)?
11
Let q be 9*(6/9)/1. Let a(j) be the third derivative of -j**6/120 + j**5/10 - j**4/24 + j**3/6 - 5*j**2. Calculate a(q).
-5
Suppose 3*t + 22 = 1. Let g(c) = -c. What is g(t)?
7
Let i = -23 - -38. Let f = 9 - i. Let s(g) = g**2 + 7*g + 7. Calculate s(f).
1
Let v = 5 - 2. Let n = v - 2. Let d(q) = 8*q - 1. What is d(n)?
7
Let v(x) = -x**2 - 2*x - 3. Let b(j) = -2*j**2 - j - 2. Let h(u) = -3*b(u) + 2*v(u). Give h(2).
14
Suppose 2*x = -1 + 5. Suppose 0 = -4*w - 2*v - 14, -x*v + 38 - 12 = -4*w. Let n(k) = -k - 7. What is n(w)?
-2
Let a(n) = 3*n**2 + n + 1. Suppose -1 = -y + 4. Suppose 5*s - 72 - 23 = 0. Suppose 0*l + y*w = 4*l + 33, -2*l - s = -3*w. Determine a(l).
11
Suppose -3*x = 2*h, -5*x = -6*h + h. Suppose 0 = 4*c - 5*c + 3*q - 7, c - 2*q + 3 = x. Let p(d) = 0*d**2 + 6*d**2 + c*d - 4 - d + d**3. What is p(-5)?
1
Let i(v) = -3*v + 3. Let y(o) = -o**2 + 4. Let s be y(0). What is i(s)?
-9
Let p(o) = o + o**3 - 12*o**2 + 5 + 20*o**2 - 2*o**2. Let g(j) = -j**2 + 4*j - 1. Let l be g(5). Determine p(l).
-1
Let u(q) be the second derivative of -3*q**3/2 - q**2/2 + 8*q. Determine u(-1).
8
Let o(p) = -p**2 + 1. Suppose 1 = -2*k + 3*l, -k + 4*l = 2 + 1. Let n(h) = -5*h**2 + 7*h - 2. Let b(g) = k*n(g) - 4*o(g). Calculate b(4).
6
Let b(t) = -2*t + 3. Let u = -17 - -22. What is b(u)?
-7
Let n(h) = h**2 - 6*h + 6. Let o = -8 - -10. Suppose 0 = 4*g - 3*v - 25, 0 = -o*g - 0*g - 4*v - 4. Give n(g).
-2
Let h = -8 + 6. Let i(b) = -b**2 - b - 2. Determine i(h).
-4
Let q(m) = -m**3 + m. Suppose 0*p + 10 = p - 5*f, -2*f - 4 = p. Let g be 2 - p - 8/4. Suppose g - 2 = -v. What is q(v)?
-6
Let a(k) = -k**2 + 5*k. Suppose 4*v = 5*i + 33, -4*i - 28 = -3*v - v. Let d be (v*-3)/(2/(-4)). Suppose 3*w = 6*w - d. Determine a(w).
4
Let c(t) = t. Let x be c(2). Let n(o) be the second derivative of -1/3*o**3 + 0 + o - 2*o**x. Give n(-3).
2
Let y(j) = 2*j - 4. Let r be y(5). Let g be r/(4*2/4). Let w(h) = h**3 - 2*h**2 - 3*h - 2. Calculate w(g).
-2
Let h be -4 + (-38)/(-9) - 50/(-18). Let y(f) be the second derivative of 3*f + 0 + 1/3*f**h + f**2. Give y(-3).
-4
Let u(g) = g**2 - 6*g - 9. Let q be (-204)/(-28) + (-6)/21. Give u(q).
-2
Let s be ((-18)/(-27))/((-2)/3). Let c = s - 4. Let h(q) = q**3 + 6*q**2 + 5*q - 3. Determine h(c).
-3
Let r(d) = d**3 - 3*d**2 + d + 4. Suppose -b + 7 = 2*x, 4 = b + 3. What is r(x)?
7
Let v(z) = 2*z - 3. Let s = -15 - -6. Let y = 12 + s. Give v(y).
3
Let a(b) = -5*b + 2. Let u be (-4)/(-16) + 3/4. Let o be (5*(0 - u))/1. Let n = -3 - o. Calculate a(n).
-8
Let g(b) be the third derivative of -b**6/120 + 7*b**5/60 + 3*b**4/8 - b**3 + 4*b**2. Let n be g(8). Let a(x) = -x. Give a(n).
-2
Let z(t) = -t**3 - 6*t**2 + 6*t - 9. Let x be z(-7). Let q = 4 + x. Suppose m = q*m. Let k(b) = b + 6. Give k(m).
6
Let f be -3 + -1 + 2 + 0. Let w = 3 + f. Let x(a) = 2*a + 0*a**3 - 3*a**3 + 3*a**3 + 3*a**3 + w. Give x(-1).
-4
Suppose 0 = -2*i + 3 + 1. Let g(w) = i*w + 0*w + 3*w - 4*w - 3. Give g(2).
-1
Let c(i) = i - 5. Let m be (10/4)/((-45)/(-108)). What is c(m)?
1
Suppose o + 20 = 2*f - 3*o, 0 = -f + o + 7. Suppose 19*u = 23*u - f. Let d(n) = 16*n + 1. Determine d(u).
17
Let a(r) = -r**3 - 5*r**2 - 2*r + 4. Let n be a(-4). Let j(z) = -z**2 - z + 3. Give j(n).
-9
Let o(b) = -3*b - 4. Let n(x) = 4*x**3 - x**2 + 2*x. Let u be n(2). Let c = u - 29. What is o(c)?
-13
Let c be 1*(-2 + 2 + -4). Let p = 6 + c. Let d(o) = -5*o - 2*o**2 + 6 + o**2 + p*o**2. Calculate d(5).
6
Let d(h) = h - h**2 - 1 + 3 + 1. Suppose -14 + 2 = -4*s. Give d(s).
-3
Let u be (-16)/12*(-3)/2. Let s(v) = -3 + 4 - 4*v**2 + v + 3*v**u + 3. What is s(3)?
-2
Let k(v) = v**2 + 7*v - 4. Let b(n) = -n**2 - 6*n + 5. Let c(u) = 3*b(u) + 2*k(u). Give c(-5).
2
Let z(m) = -56*m**2 + 106*m**2 - 5 - 6*m + 13*m + m**3 - 58*m**2. Determine z(7).
-5
Let f(i) be the first derivative of i**3/3 - 5*i + 35. Calculate f(4).
11
Let c(k) = k - 1. Let g be 2/(-5) - (-17)/5. Suppose t - 3*n + 15 = 0, -g*n = -2*n - 4. Give c(t).
-4
Let i = 6 + -10. Let o(m) = 2*m + 1. Calculate o(i).
-7
Let a(q) = q**2 - 4*q. Suppose 35 = 3*z + 4*z. Suppose -3*s + 10 + z = 0. Determine a(s).
5
Let q be (-2)/(-6) + (-10)/3. Let u = 0 + q. Let x(z) be the first derivative of -2*z**2 - 5. Determine x(u).
12
Let t(p) = -p**2 - 4*p + 7. Let g be t(-5). Let f(a) = -g*a - a + a. Let m be (-46)/11 - 4/(-22). Calculate f(m).
8
Let z(n) = -n**3 + 3*n**2 + 2*n - 6. Suppose 0*b - 5*b = -65. Let r = b - 9. Determine z(r).
-14
Let v(h) = -2*h - 1. Let t(j) = -1. Let p(l) = 4*t(l) + v(l). Let m(q) = -q - 1. Let a(o) = 2*m(o) + p(o). Let r(n) = 4*n + 11. Let c be r(-4). Determine a(c).
13
Let a(x) be the first derivative of -x**4/2 - x**3/3 + x - 4. Let q be 0/(2/(-2)) - 1. What is a(q)?
2
Let o(u) = -u**3 + 5*u**2 - 7*u + 5. Suppose -k + 2 + 2 = 0. Let g be -1*2/(-2)*k. Calculate o(g).
-7
Let t(n) = n**3 - 3*n**2 + 0*n - 2*n - 2 + 0*n**2 + n. Let y be (1/(-2))/(2/(-8)). Give t(y).
-8
Let p = -59 - -55. Let o(m) = -m**3 - 5*m**2 - 2. Determine o(p).
-18
Let m be ((-36)/(-30))/(2/5). Suppose 0 = c + 4*d - m, -4*c + 3*d + 33 = 2. Let u(z) = -5*z**3 + c*z**3 - 5 - 7*z**2 - 3*z**3 + 13 - 4*z. Calculate u(-6).
-4
Suppose 4*v + 4*r - 12 = 0, 5*r = 4*r. Suppose v = -3*s + 9. Let f(u) = -u**3 - s*u**2 + 0 + 1 + 2*u**3 + u**2. What is f(1)?
1
Let x(k) be the first derivative of -k**4/4 + k**3/3 - k**2/2 - 6*k - 1. Give x(0).
-6
Let m(o) = o**3 - 3*o**2 + o + 1. Let j(b) = b**2 + 11*b + 3. Let t be j(-9). Let g = -13 - t. Give m(g).
-1
Let u(x) be the second derivative of -5/2*x**2 + 1/6*x**3 + 0 - 4*x. Calculate u(6).
1
Let w(z) be the second derivative of 7*z**3/6 + 29*z. Give w(-2).
-14
Let v(x) be the first derivative of x**2/2 + 5*x + 3. Let y(l) = -l**2 + 3*l - 2. Let g be y(4). Determine v(g).
-1
Let n(z) be the second derivative of z**3/3 + z**2/2 + 13*z. What is n(3)?
7
Let g(j) = -3 + 4*j - 2*j - 1 - 3*j. Let a(i) = i + 1. Let v be a(-8). Give g(v).
3
Let y(o) = 30*o**2 + o - 1 + o**3 - 4*o**2 - 14*o**2 - 9*o**2. Calculate y(-3).
-4
Let b(w) = 7*w. Suppose 20 = 5*m - 3*m. Suppose 0 = -3*s + 1 + 8. Suppose -16 = -k + 5*t, k - m = s*t - 0*t. Calculate b(k).
7
Suppose -5*k = q + 29, 4*q + 26 = -0*q - 2*k. Let i(c) = c**2 + 2*c - 4. Calculate i(q).
4
Let w(a) = 4*a + 5. Let k(q) = -1. Let z(c) = -k(c) - w(c). Calculate z(-5).
16
Let f(i) = i**3 + 3*i**2 + 1. Suppose -62*y - 12 = -59*y. Determine f(y).
-15
Suppose -5*x - y - 1 + 4 = 0, 6 = 3*x + 2*y. Let t be 4/14 + 235/35. Let u(z) = -2*z + t + z + z**3 + x*z. Give u(0).
7
Let j be ((-2)/1 - (-1 + -6)) + 0. Let u(c) = -c + 6. Give u(j).
1
Let t be 7*(6/(-7) - 0). Let f(i) be the second derivative of -i**4/12 - i**3 + i**2/2 + 2*i. Give f(t).
1
Let x(m) = -1. Let n(k) = -k - 4. Suppose -j + c - 2 = -5*j, 4*c + 12 = 4*j. Let z(v) = j*n(v) + 4*x(v). Calculate z(-4).
-4
Let z(d) = -d**3 - 5*d**2 + 7. Let l(t) = t**2 + 1. Let o be l(2). Let y be (13 + -2 + -1)/(-1). Let m = y + o. Give z(m).
7
Let f = -7 - -1. Let i be (-18)/4*4/f. Let a(u) = -2*u**2 + 5*u - 2. Give a(i).
-5
Suppose 4*b - 2*b = 0. Let s(j) = j**3 + j**2 - j - 1. What is s(b)?
-1
L